mposite?
False
Let d(a) be the third derivative of 0 + 1/10*a**5 + 7/6*a**3 + 0*a + 1/120*a**6 - 4*a**2 - 5/24*a**4. Is d(5) a composite number?
False
Let c be 25104/12*(0 + (-3)/(-6)). Let f = -55 + c. Is f a prime number?
True
Let s = -7 - -14. Let g(w) = 32*w - 3. Let v be g(s). Let h = v + -132. Is h a composite number?
False
Suppose -3*x = 6, 6*y - y - 33 = -x. Let g(i) = 5*i**2 + 3*i + 1. Let c be g(y). Suppose 5*b = 2*l - 178, -3*l = -b - 2*b - c. Is l a composite number?
False
Suppose 0 = 13*m - 10*m - 5607. Is ((-2)/3)/((-7)/m) a composite number?
True
Suppose -21*s + 24*s = -6. Is (-11)/((-11)/s) + 129 prime?
True
Let a(n) = n - 5. Let z be a(9). Suppose 0*d + z*d = 2152. Suppose 4*x + 102 = d. Is x prime?
True
Let j be (2 - 4) + (1 - 1). Let r = 7 + j. Let f(n) = 4*n - 5. Is f(r) a composite number?
True
Let y(r) be the third derivative of 35*r**4/6 - 23*r**3/6 + 13*r**2. Is y(12) prime?
True
Let r(x) = -98*x + 112*x + 0 + 3. Is r(4) composite?
False
Let x(z) = -821*z**3 - z**2 - 4*z - 3. Is x(-1) a prime number?
True
Let x be (-3)/(((-1)/2)/(19985/14)). Suppose 5*j - 2523 = -z, 2*z - 2*j = x - 3567. Is z composite?
False
Let p(a) = -6*a - 30. Let l be p(-5). Suppose l = n - 5*d - 339, n + 2*n + 5*d - 1097 = 0. Is n a composite number?
False
Suppose -1958 - 3302 = -2*p - 4*g, 4*g = -8. Suppose f - x - 307 - 350 = 0, x + p = 4*f. Suppose -2*i = -0*j - j - 441, -3*i + 4*j = -f. Is i composite?
True
Suppose 0 = 5*p - 5050 - 225. Is p a composite number?
True
Let g(p) = 265*p + 2. Let l(a) = 132*a + 1. Let v(h) = -2*g(h) + 5*l(h). Is v(3) composite?
True
Suppose -19*y + 79717 = 2*c - 18*y, -3*c + 5*y = -119556. Is c a prime number?
True
Let f(i) = -2*i**2 + 3*i + 11. Let g be f(3). Suppose -2*n = 3*d - 226, d + g*d = -n + 107. Is n composite?
True
Suppose 9*o = 5*o - 2648. Let r = o - -1363. Is r prime?
True
Suppose -4*s = 3*v - 3*s - 4760, 2*v - s - 3180 = 0. Let m = v - 944. Let c = 935 - m. Is c a composite number?
True
Let x(j) be the third derivative of 0 + 11/6*j**3 + 1/15*j**5 - 1/6*j**4 + 0*j - 5*j**2. Is x(8) a prime number?
False
Suppose 774 = 7*f - 325. Let t = 22 + f. Let q = -66 + t. Is q a prime number?
True
Suppose -4*m - 14 + 22 = 0. Suppose -m + 0 = 2*z, -q + 1398 = z. Is q composite?
False
Suppose 0 = -548*r + 540*r + 52184. Is r a prime number?
False
Let n be 1*(4 - 2 - -695). Let l = -180 + n. Is l composite?
True
Is ((-48)/(-20) - 2)*-10 - -6591 a prime number?
False
Suppose -10872 = -8*n + 18272. Is n composite?
False
Let h(t) = 32*t**3 - 5*t - 8. Is h(5) composite?
False
Suppose 0 = -2*b + 2*x + 10688, 8*b = 5*b - 4*x + 16053. Is b prime?
True
Suppose 3*g - 21278 = i, -30*i = -2*g - 35*i + 14157. Is g prime?
False
Suppose -23*y = -93209 - 123290. Is y composite?
False
Let n(u) = 13*u**2 + 2*u - 3. Suppose 2*m = -4*m + 48. Let g be 4*1*4/m. Is n(g) a composite number?
False
Suppose 20 = n + 3*n. Suppose 3 + 7 = 2*i, i = n*t - 810. Is t composite?
False
Let c be ((-3)/(-9)*1011)/(-1). Let w = -159 - c. Is w composite?
True
Let z(y) = -y**3 - 16*y**2 + 22*y - 5. Let r(l) = -16*l - 2. Let f be r(1). Is z(f) a prime number?
False
Let x(c) = -30*c**2 + 6*c + 5. Let j(d) = d**2 - d - 1. Suppose -16 = -r - 5*s, -4*r = -8*r + 4*s - 32. Let g(z) = r*j(z) - x(z). Is g(4) a prime number?
False
Suppose 59*y = 63*y + 8. Is -2 + 133 + -4 + y + 6 composite?
False
Suppose 5*g - 6 = 3*g. Suppose -g*u = -4*u + 6. Suppose -u = -2*f + 86. Is f a prime number?
False
Let b(a) = -a**2 - 2*a + 12. Let v be b(-7). Let x = 14 + v. Is (-770)/(-3) + (-3)/x composite?
False
Is (111600/42)/6 + (-3)/(-21) a composite number?
False
Suppose 0 = 2*l, -2*w + 3*l - 84 = -3*w. Is 408336/w + 1/(-7) composite?
False
Let w(j) = 218*j - 2*j + 156*j - 1. Let k be 3/12 - (-14)/8. Is w(k) a composite number?
False
Suppose 5 + 13 = 6*r. Suppose 8*t - r*t - 19 = -2*k, 3*k - 5*t - 16 = 0. Is k composite?
False
Suppose -15*i = -18*i + 9. Let j be 398 - (i/3 + -2). Suppose -5*x + 2*x = -j. Is x prime?
False
Let c be (50/15)/(2/(-12)). Let m = c + 23. Suppose -m*i = -6, -5*x + i = -2*x - 445. Is x a composite number?
False
Is 5253/2 - 12/(-24) a composite number?
True
Is 63800/16 + -1 - (-10)/4 a prime number?
True
Let k be (2933 - (4 + -2)) + 4. Suppose k = 6*b - b. Is b prime?
True
Let s be (73 + 13)/((-2)/(-4)). Let l be (12/20)/((-2)/(-10)). Suppose -p = l*a - a - 114, -3*a = p - s. Is a composite?
True
Let f be -3 + (0/(-4))/(-3). Let v(r) = -10*r - 4. Let j(k) = -k. Let h(q) = -5*j(q) + v(q). Is h(f) prime?
True
Let l = 0 + 0. Let x(z) = z**2 - 2*z + 113. Is x(l) composite?
False
Suppose 4*y + 2678 = 2*n, 2*y - y - 5*n + 683 = 0. Let p = y + 1435. Is p a composite number?
True
Let h(c) = -10*c**2 - c + 9. Let b be h(-12). Let a = 2384 + b. Is a a composite number?
True
Let p be ((-3644)/8)/((-43)/14 - -3). Suppose 2*r - p = -5*w, -2*w + 3*w = 5*r + 1297. Is w a composite number?
False
Suppose -3 = -5*c + 27. Suppose -4*y = -c*y + 722. Is y composite?
True
Suppose t = -3*i + 1640, -5*t + 0*i = -4*i - 8295. Is t a composite number?
True
Let y = -3614 - -6061. Suppose -416 - y = -7*k. Is k a prime number?
True
Suppose -5*u = 4*z + 49, 4*z = -0*z + 4*u - 4. Let p(l) = -2*l**3 + 5*l**2 - 8*l + 2. Is p(z) composite?
True
Let m be (-4)/14 - 366/42. Let t(b) = -39*b - 16. Is t(m) a prime number?
False
Suppose 370 = -0*k + 5*k. Is 3 - (-1 - 1 - k) a composite number?
False
Suppose a = 3*a - 896. Suppose 9*u - 3495 = 4*u. Let s = u - a. Is s composite?
False
Is ((-112)/80)/(2/(-1970)) composite?
True
Let y(m) = -68*m + 13. Is y(-8) prime?
True
Suppose 2*c = x + 14663, -3*c - 3*x = -5*c + 14665. Is c composite?
False
Is ((-1)/(-4))/((-3)/(-127644)) a composite number?
True
Let h = 8 + -10. Let o be -2 - (190 - 4/h). Let u = -101 - o. Is u composite?
True
Let z = 3434 + -1587. Is z a composite number?
False
Is ((-833058)/54)/(-2 - -1) prime?
True
Let a(r) = -5*r**2 + 19*r - 21. Let b(c) = -1. Let w(o) = -a(o) - 4*b(o). Is w(13) prime?
False
Let g(h) = 456*h - 127. Is g(29) a composite number?
True
Let u = 4 + -2. Suppose 5*j = u*m - 1788 + 398, 3*m - 2071 = 4*j. Is m a prime number?
False
Let u(z) = -29*z - 2. Let q(o) = 14*o + 1. Let c(f) = 5*q(f) + 3*u(f). Let r be c(-4). Suppose 201 = 3*y - i, -i - r = -4*y + 3*y. Is y a prime number?
True
Let c be 10/1 - (2 - 4). Let z = 1778 - 764. Is z/8 - c/(-48) a composite number?
False
Let n(s) = -s**3 - 2*s**2 - 10*s + 2563. Is n(0) prime?
False
Let q(f) = -425*f + 13. Let z be q(5). Let c = -1305 - z. Is c composite?
True
Let z = -233 + 2424. Is z prime?
False
Suppose -5*t + 7 = -3. Let o(u) = -u**2 + 2*u + 4. Let d be o(t). Suppose -4*p - 80 = -3*b - 588, -d*p - 4*b = -508. Is p a prime number?
True
Suppose -5*k = 3*d - 42493, 4*d + 6 = -10. Is k a prime number?
True
Let r(o) = 12*o**2 + 9*o + 1. Let c = -13 + 9. Is r(c) a composite number?
False
Let m(a) = 9*a**2 + 4*a + 5. Let z be (-22)/6 + 20/30. Is m(z) a composite number?
True
Suppose a - 4*a + 6 = 0. Suppose -h = -4*s + 8, -h = -a*h - 5*s + 19. Let m = h + 3. Is m composite?
False
Suppose 6 = -l + 11. Suppose l*w - b - 2100 = -2*b, 5*w - 2*b = 2085. Is w a composite number?
False
Let q(v) = 1185*v - 32. Let m be q(9). Suppose 10*x + 723 - m = 0. Is x prime?
True
Suppose -35 = -4*j - 2*k + 7, -5*j - k = -51. Let u(o) = -117*o + 31. Let v(b) = 58*b - 15. Let a(p) = 2*u(p) + 5*v(p). Is a(j) composite?
False
Let l = 64 + -155. Let d = l - -158. Is d composite?
False
Let x(h) = 0*h**3 + h**3 + 6 + 3*h + 0*h**2 - 4*h - 3*h**2. Let w be x(3). Suppose -1152 - 447 = -w*p. Is p a prime number?
False
Let b be (1*-4 - -1) + 8. Suppose 0 = 5*r + 3*s - 14, b*r + 2*s - 6 = 10. Suppose 0 = 5*v - 3*j - 383, -4*v + 336 = r*j + j. Is v a composite number?
False
Let w = 13833 + -5602. Is w a prime number?
True
Let p = -26484 + 46625. Is p a prime number?
False
Suppose -2*k + 3*t = -24979 - 7716, 3*t + 65405 = 4*k. Is k a composite number?
True
Is (-5 - -5) + ((-43194)/(-3) - 3) prime?
False
Let a(f) = -17*f**3 - 4*f**2 + 2*f + 5. Is a(-2) a composite number?
True
Let o = 4 + 0. Suppose 0 = 5*l - 0*l - v - 1891, -1500 = -o*l + 4*v. Is l a composite number?
False
Let z(n) be the first derivative of n + 2 + 17/2*n**2. Is z(4) a prime number?
False
Let i = 11321 - 6468. Is i composite?